1167*h - 3*h**3 + 2*h**3. Give k(-16).
6
Let s(k) = 6*k**3 - 3*k**2 + k + 2. Let m(u) = -u**2 + 2*u + 62. Let h be m(9). Let x be s(h). Let y(v) = v**3 + 9*v**2 + 10*v + 19. What is y(x)?
3
Let s = -1157 + 6943/6. Let c(p) be the second derivative of 0 - 11/2*p**2 + 4*p - s*p**3. Calculate c(0).
-11
Let r(o) be the third derivative of o**5/60 + o**4/2 + o**3/6 + 261*o**2 + 13*o + 3. Suppose 0*a + 36 = -4*a. Determine r(a).
-26
Let t(i) be the second derivative of -3*i**3/2 + 76*i**2 + 8926*i. Give t(17).
-1
Let l(u) = 924*u + 358*u**3 + u**2 - 711*u**3 + 356*u**3 - 924*u. Let r(n) = n**3 - 5*n**2 - 6*n + 2. Let g be r(6). Determine l(g).
28
Let k be 14 + (-4 - 7) - (-21 - (-1 + 3)). Let l(y) = -3*y + 97. Determine l(k).
19
Let x(k) = -28*k**3 + 25*k**2 + 3*k - 33. Let v(c) = 17*c**3 - 12*c**2 - 2*c + 16. Let z(j) = -5*v(j) - 3*x(j). Calculate z(-15).
4
Suppose 0 = 2*l - 2*v - 32, -2*l - 6*v + 4 = -v. Let m(y) = y**3 - 13*y**2 + 13*y + 6. What is m(l)?
18
Let l(s) be the first derivative of -s**6/30 - s**5/30 + s**4/12 - s**3/6 + 56*s**2 + 6. Let m(b) be the second derivative of l(b). Give m(1).
-5
Let f(o) = 3*o + 4 + 2 - 7 + o + 6*o**2. Suppose 0 = 5*m + 15, -2*s - 39 + 42 = -3*m. Calculate f(s).
41
Let i(f) = -5*f**3 + 16*f**2 - 5*f + 15. Let w(a) = -a**3 + a**2 - a. Let l(z) = -i(z) + 4*w(z). Let o(t) = 1696*t + 32236. Let q be o(-19). Give l(q).
-3
Suppose -2*d = -23*j + 25*j - 12, 0 = -5*d - 20. Let c(r) = r**3 - 8*r**2 - 12*r - 15. What is c(j)?
65
Let o(v) be the first derivative of v**3/3 - 15*v**2 - 137*v + 1490. Determine o(-4).
-1
Let s be (-4)/(-4 + 2) + -1. Let h(k) = k**2 + k + 1. Let a(x) = 4*x**2 + 10*x + 2. Let z(f) = s*a(f) - 3*h(f). Let t be (-310)/40 + 3/4. Calculate z(t).
-1
Let n(l) = 5*l. Let v(i) be the third derivative of 7*i**4/12 + 65*i**2. Let k(d) = 17*n(d) - 6*v(d). Determine k(-6).
-6
Suppose 2*r = -7 - 11. Let l(k) be the first derivative of -k**3/3 - 4*k**2 + 3*k - 822. What is l(r)?
-6
Let l(j) = -7*j - 8. Suppose 84 = -510*m + 531*m. Give l(m).
-36
Let k(w) = w**3 + 5*w**2 + 6*w + 6. Suppose -45 = -18*z + 9*z. Let m be (z - 2)/((-33)/12 - -2). What is k(m)?
-2
Let k(a) = -4*a**2 - 4*a - 6. Let g(n) = -11*n**2 - 12*n - 17. Let c = 893 - 876. Let u be 12/10*-5*1. Let m(h) = c*k(h) + u*g(h). Give m(3).
-6
Let q(y) = -y. Let g = 165 - 75. Suppose 0 = 12*r + g - 330. Let c be 2/6 + -3 + r/(-15). Give q(c).
4
Let d(q) be the first derivative of -2*q + 13 + 3/2*q**2. What is d(-3)?
-11
Let y = -564 + 558. Let u be (-476)/408 + (-1)/y. Let d(n) = -n**2 - n. Determine d(u).
0
Let m(q) be the third derivative of 0 - 1/3*q**3 + 1/60*q**5 + 0*q + 23*q**2 + 1/24*q**4. Determine m(2).
4
Suppose -12*z = -1036 - 92. Let s = z - 87. Let b(j) = j**3 - 7*j**2 - 2. Determine b(s).
-2
Let d(a) = -268 + 171 + 6*a + 304. What is d(-42)?
-45
Let t(g) = g**3 + 8*g**2 - 11*g + 2. Let b = -4692 - -4683. Calculate t(b).
20
Let i(q) = 6*q. Let n(g) = g**3 - 14*g**2 - 6*g - 31. Let w be n(15). Let k = 101 - w. Calculate i(k).
-18
Let o = -14 - -10. Let p(l) = l**3 + 5*l**2 + 4*l + 5. Let b be p(o). Suppose -b*u + 9*u = -8. Let s(q) = -2*q**2 + 2*q. Determine s(u).
-12
Let w = -154 - -169. Suppose 11*v - 4 = -w. Let x(c) = -7*c**3 + 2*c + 1. What is x(v)?
6
Let j(h) = -h**3 - 5*h**2 + 7*h + 5. Let n(g) = g**3 + 14*g**2 + 55*g + 55. Let r be n(-4). Calculate j(r).
-30
Let g be (-48 - -46)/((-2)/5). Let u(f) = f**2 - 2*f - 10. Calculate u(g).
5
Let f(q) = -15*q + 1. Let v(c) = c - 1. Let n(r) = -f(r) - 2*v(r). What is n(4)?
53
Let x = -27 + 51. Let o(b) = 28*b + 30*b + 7 + x*b - 81*b. Give o(-8).
-1
Suppose 5*a - 5*h + 1145 = 0, 3*h = -2*a + 6*h - 461. Let u = a + 328. Suppose 2 = -101*q + u*q. Let b(v) = -3*v. Calculate b(q).
-6
Let m be -4 - (1 + 3 - 7). Let y(r) = -r**3 + 1. Let o(g) be the second derivative of g**5/4 + g**4/6 + 20*g + 2. Let a(x) = m*o(x) - 4*y(x). Calculate a(-3).
5
Let w be 1/(-2) + -74*165/20. Let r = w - -603. Let h(q) = -2*q - 7 - 6 + q. Calculate h(r).
-5
Let b(m) = -1 + 4756*m - 8 - 4764*m - 4*m**2. What is b(-5)?
-69
Let t(f) = -f**3 - 6*f**2 + 6*f - 4. Let i(z) = 9*z**2 - 10*z - 39. Let h be i(-5). Let k = h + -243. Give t(k).
3
Let d = 124 + -153. Let p be (1*-2)/(2/33). Let m = d - p. Let x(t) = t - 5. Give x(m).
-1
Let p(o) = -45*o**2 + o - 1. Let q = -960 - -1387. Let i = q + -426. Determine p(i).
-45
Let i(s) = -13*s. Let m(a) = 13*a. Let u(t) = 4*i(t) + 3*m(t). Suppose -q + 14 - 2 = 5*f, -2*q + f + 2 = 0. Determine u(q).
-26
Let k(b) = b**3 - 4*b**2 + 4*b - 9. Suppose -5*l - 2*o = -14, -31 = -4*l - 3*o - 24. What is k(l)?
7
Let x(d) = -82*d + 816. Let i be x(10). Let g(p) = -2*p**2 + 4 + p - 3*p**2 + 3*p**2. Determine g(i).
-32
Let n = 247 + -252. Let i(u) = 11 + 31*u + 2*u**2 + u**2 + 4 - 7*u**2. Let h(c) = c**2 - 10*c - 5. Let a(s) = -7*h(s) - 2*i(s). What is a(n)?
-10
Let c(v) = v**2 - v + 10. Suppose -85*t + 117 = -3*t + 445. What is c(t)?
30
Suppose -95 = 9*c - 167. Let g(d) be the second derivative of -d**3/6 + 2*d**2 - d. Let w(t) = t + 1. Let z(a) = g(a) + 3*w(a). Determine z(c).
23
Let c(f) = -31*f**3 - 3*f**2 - 20. Let r = 31 - -26. Let b = -74 + r. Let n(i) = -11*i**3 - i**2 - 7. Let m(o) = b*n(o) + 6*c(o). Determine m(0).
-1
Let h(v) = -529*v - 549*v + 1087*v - 2*v**2. Suppose 2*n - 11 = -1. Determine h(n).
-5
Let j = 114 - 117. Let q(l) = -l + 3. Let w be q(j). Let k(b) be the third derivative of b**4/24 - b**3/3 - b**2. Determine k(w).
4
Let o(x) = -x**2 + 12*x + 10. Let f(y) = -y**3 + 7*y**2 - 18*y + 45. Let w be f(5). Suppose 2*s = -w*p + 59, 3*p + 2*p = 5*s + 80. Determine o(p).
-3
Suppose -8*b = -4*b - 3*u + 21, -4*b - 2*u = 6. Let p(m) = -m**2 - 17*m + 5. Let v(o) = -o**2 - 17*o + 4. Let n(y) = b*p(y) + 4*v(y). What is n(-17)?
1
Let n(c) = c**2. Let v = -18 - -5. Suppose 7*m - 2 = -93. Let d = m - v. Calculate n(d).
0
Let y(u) be the second derivative of 0 + 1/6*u**3 + 9/2*u**2 - 58*u - 1/12*u**4. Suppose 4*p = 5*p. What is y(p)?
9
Let m(l) be the second derivative of l**4/12 - 5*l**3/6 - 4*l**2 + l + 1549. Suppose -3*s + 13 - 1 = 0. Suppose s*j - 9 = 19. Give m(j).
6
Suppose -a + 4 = -0. Let h(k) = -14*k**2 + 175*k. Let b(x) = x**2 - 12*x. Let t(c) = -15*b(c) - h(c). Determine t(a).
4
Suppose 11 = 2*v + 1. Suppose -w - 29 = -9*g + 5*g, -v*w = 4*g + 1. Let n(q) = -q + 8. Give n(g).
2
Let j be (-1 + 3)*(32 - 163). Let n = j - -259. Let r(c) = -c**3 - 4*c**2 - 3*c - 1. Calculate r(n).
-1
Let x be (-54)/(-4) + 2*15/20. Suppose 0 = x*g - 1 - 29. Let t(l) be the third derivative of l**6/60 + l**4/8 - l**3/2 + l**2. Determine t(g).
19
Let p(w) = w**3 + 7*w**2 + 10*w - 4. Suppose 16*z = 21*z + 25. Let g be p(z). Let u(c) = c**2 + 2*c. What is u(g)?
8
Let l be 112/140 + 1119/(-5). Let v = 223 + l. Let q(s) be the first derivative of -s**4/4 + s**3/3 - s**2/2 + 6*s - 1. Calculate q(v).
6
Let h(p) = 6 + p**2 - 4*p + 5*p + 7*p. Let k be h(-8). Let g(n) = 13*n - 8 + 7*n**2 + 9*n + 9*n - n**3 - 37*n. Determine g(k).
-8
Let a(o) = -o**2 + 4*o + 17. Let z be 15/(-30)*(-3)/6*0. Suppose 3*d + 11*t - 13*t - 22 = z, 4*t = -d - 2. Give a(d).
5
Let m(q) be the first derivative of -7*q - q**2 - 37 - 1/4*q**4 - 2*q**3. Let v(l) = -l**2 + l. Let b be v(3). Give m(b).
5
Let s(z) = 4*z**2 + 29*z. Let j(o) = 5*o**2 + 30*o - 2. Let u(a) = -2*j(a) + 3*s(a). Determine u(-13).
-9
Let s be (12 - (-406)/(-35))/(7/175). Let v(q) = 4*q - 7. Let u(g) = 5*g - 6. Let d(a) = -5*u(a) + 6*v(a). Give d(s).
-22
Suppose 5*z = 2*f + 4, -z = 4*f - 5 - 9. Let x(y) = -2363*y**2 + 4734*y**2 - 4*y + 4 - 2366*y**2 - 1. Calculate x(z).
15
Let h(i) be the first derivative of 4*i**2 + 4*i - 11. Let a be 1/(-7 + (-2)/(-2) + 153/27). Give h(a).
-20
Let n be (3 - -2)/((-8)/(48/(-6))). Let f be 6/n*225/135. Let k(v) = 2*v**2 - 5*v + 4. Give k(f).
2
Let w(v) = -v**2 - 2*v - 4. Suppose -4*c + 44 = -4*k, -5*k = -c + 9 + 6. Let z be 1/(0 + -1) - (6 - c). Let q be -3 + z + (4 - 7). Determine w(q).
-7
Let i(f) = 5*f. Let h be i(1). Let z(j) = -12*j + 300. Let y(x) = -5*x + 113. Let p(l) = 8*y(l) - 3*z(l). Calculate p(h).
-16
Let v(z) = 2*z**2 - 9*z - 57. Let i be v(-4). Let g(n) = -1 - 14 - 3 - n**2 + i*n. Calculate g(10).
-8
Let y(j) be the second derivative of j**5/20 - j**4/2 + j**3/2 + 5*j**2/2 + 1214*j. Determine y(4).
-15
Let r(l) = -2*l +